942901.
942901
List the prime factors of 5177680.
2, 5, 61, 1061
What are the prime factors of 695679?
3, 231893
What are the prime factors of 356859?
3, 13217
List the prime factors of 648483.
3, 11, 43, 457
List the prime factors of 3954269.
11, 359479
What are the prime factors of 223301?
13, 89, 193
List the prime factors of 732834.
2, 3, 41, 331
List the prime factors of 65299.
13, 5023
What are the prime factors of 306819?
3, 73, 467
What are the prime factors of 69369?
3, 19, 1217
What are the prime factors of 1075378?
2, 29, 18541
List the prime factors of 38220414.
2, 3, 109, 58441
List the prime factors of 10048420.
2, 5, 502421
What are the prime factors of 10019957?
10019957
List the prime factors of 1668905.
5, 7, 41, 1163
List the prime factors of 177871.
17, 10463
What are the prime factors of 213266?
2, 29, 3677
List the prime factors of 1976305.
5, 395261
What are the prime factors of 6232235?
5, 229, 5443
List the prime factors of 3731150.
2, 5, 74623
What are the prime factors of 194471?
194471
What are the prime factors of 8776708?
2, 19, 23, 5021
What are the prime factors of 27542429?
27542429
List the prime factors of 8671144.
2, 19, 57047
What are the prime factors of 14158457?
37, 382661
List the prime factors of 777793.
83, 9371
What are the prime factors of 12847751?
7, 5351
List the prime factors of 833261.
11, 13, 5827
List the prime factors of 222615.
3, 5, 17, 97
List the prime factors of 133083.
3, 31, 53
List the prime factors of 11895498.
2, 3, 97, 757
What are the prime factors of 101919?
3, 53, 641
List the prime factors of 217454.
2, 108727
What are the prime factors of 751499?
7, 107357
List the prime factors of 4691983.
17, 275999
What are the prime factors of 1792306?
2, 197, 4549
What are the prime factors of 6953519?
6953519
List the prime factors of 3835698.
2, 3, 353, 1811
What are the prime factors of 20102?
2, 19, 23
List the prime factors of 49518.
2, 3, 7, 131
What are the prime factors of 5722651?
11, 520241
List the prime factors of 117223.
117223
What are the prime factors of 2863265?
5, 572653
What are the prime factors of 351169?
7, 13, 17, 227
What are the prime factors of 272132?
2, 7, 9719
List the prime factors of 154150.
2, 5, 3083
What are the prime factors of 249163?
193, 1291
What are the prime factors of 6368494?
2, 11, 289477
What are the prime factors of 1016927?
1016927
What are the prime factors of 5324871?
3, 1774957
What are the prime factors of 143786?
2, 17, 4229
What are the prime factors of 8361274?
2, 73, 57269
What are the prime factors of 127848?
2, 3, 7, 761
List the prime factors of 9844475.
5, 393779
List the prime factors of 4506000.
2, 3, 5, 751
List the prime factors of 1110.
2, 3, 5, 37
What are the prime factors of 129438?
2, 3, 17, 47
What are the prime factors of 319702?
2, 17, 9403
What are the prime factors of 11074902?
2, 3, 409, 4513
List the prime factors of 8790171.
3, 13, 257, 877
List the prime factors of 14354640.
2, 3, 5, 19937
What are the prime factors of 341574?
2, 3, 56929
List the prime factors of 6167184.
2, 3, 128483
What are the prime factors of 9098026?
2, 7, 17, 43, 127
List the prime factors of 4686747.
3, 13, 17, 7069
What are the prime factors of 201169?
37, 5437
What are the prime factors of 2700523?
7, 317, 1217
List the prime factors of 105877.
239, 443
List the prime factors of 34574291.
3067, 11273
What are the prime factors of 52949?
13, 4073
List the prime factors of 402516.
2, 3, 3727
What are the prime factors of 2598064?
2, 7, 23197
What are the prime factors of 221643?
3, 8209
List the prime factors of 2176757.
11, 197887
What are the prime factors of 587099?
71, 8269
List the prime factors of 141764.
2, 7, 61, 83
List the prime factors of 7449713.
313, 23801
What are the prime factors of 692103?
3, 281, 821
List the prime factors of 1175627.
1175627
List the prime factors of 1971436.
2, 331, 1489
List the prime factors of 276465.
3, 5, 7, 2633
List the prime factors of 1486891.
7, 311, 683
List the prime factors of 1125356.
2, 281339
What are the prime factors of 1769601?
3, 41, 14387
List the prime factors of 1849571.
103, 17957
What are the prime factors of 82050?
2, 3, 5, 547
List the prime factors of 2794188.
2, 3, 17, 13697
What are the prime factors of 25059199?
11, 2278109
What are the prime factors of 1805806?
2, 902903
What are the prime factors of 6284511?
3, 47, 83, 179
List the prime factors of 36171675.
3, 5, 373, 431
What are the prime factors of 1014554?
2, 73, 6949
What are the prime factors of 621302?
2, 11, 31, 911
What are the prime factors of 17819384?
2, 11, 202493
List the prime factors of 374051.
17, 22003
List the prime factors of 22459059.
3, 7, 118831
List the prime factors of 12492.
2, 3, 347
List the prime factors of 524851.
157, 3343
List the prime factors of 1297165.
5, 61, 4253
What are the prime factors of 8730051?
3, 11, 137, 1931
What are the prime factors of 490385?
5, 7, 14011
List the prime factors of 11102142.
2, 3, 1850357
List the prime factors of 1529093.
1529093
List the prime factors of 284091.
3, 281, 337
List the prime factors of 15169248.
2, 3, 97, 181
List the prime factors of 701743.
7, 17, 5897
What are the prime factors of 3682438?
2, 17, 23, 277
List the prime factors of 163045.
5, 32609
What are the prime factors of 323654?
2, 41, 3947
What are the prime factors of 165862?
2, 127, 653
What are the prime factors of 143751?
3, 47917
What are the prime factors of 304883?
304883
What are the prime factors of 349081?
349081
List the prime factors of 7919668.
2, 29, 67, 1019
What are the prime factors of 215823?
3, 71941
List the prime factors of 4170115.
5, 834023
What are the prime factors of 5853529?
11, 41, 12979
List the prime factors of 181288.
2, 17, 31, 43
List the prime factors of 20358.
2, 3, 13, 29
What are the prime factors of 813636?
2, 3, 97, 233
List the prime factors of 3418559.
23, 148633
List the prime factors of 1129167.
3, 13, 3217
List the prime factors of 30772400.
2, 5, 19, 4049
What are the prime factors of 139344?
2, 3, 2903
What are the prime factors of 12464637?
3, 4154879
What are the prime factors of 15159363?
3, 5053121
List the prime factors of 6253120.
2, 5, 19541
What are the prime factors of 142766?
2, 13, 17, 19
List the prime factors of 798958.
2, 83, 4813
What are the prime factors of 3861637?
13, 297049
List the prime factors of 217491.
3, 72497
List the prime factors of 20291.
103, 197
List the prime factors of 474939.
3, 113, 467
What are the prime factors of 353959?
239, 1481
List the prime factors of 11370812.
2, 643, 4421
List the prime factors of 2573564.
2, 7, 107, 859
List the prime factors of 2302302.
2, 3, 263, 1459
List the prime factors of 3651050.
2, 5, 13, 41, 137
List the prime factors of 2549788.
2, 637447
What are the prime factors of 512168?
2, 73, 877
List the prime factors of 340883.
23, 14821
List the prime factors of 187657.
23, 41, 199
What are the prime factors of 35613420?
2, 3, 5, 31, 41, 467
What are the prime factors of 462430?
2, 5, 131, 353
What are the prime factors of 24845125?
5, 198761
What are the prime factors of 232350?
2, 3, 5, 1549
List the prime factors of 9262347.
3, 3087449
List the prime factors of 7360988.
2, 109, 16883
What are the prime factors of 248786?
2, 19, 6547
List the prime factors of 140852.
2, 23, 1531
What are the prime factors of 877325?
5, 19, 1847
List the prime factors of 19755.
3, 5, 439
What are the prime factors of 2994742?
2, 19, 78809
List the prime factors of 24158726.
2, 67, 180289
List the prime factors of 92693.
92693
List the prime factors of 386099.
7, 19, 2903
What are the prime factors of 1717586?
2, 13, 31, 2131
List the prime factors of 3098998.
2, 7, 17, 29, 449
What are the prime factors of 26052054?
2, 3, 7, 23, 149, 181
List the prime factors of 5280163.
7, 73, 10333
List the prime factors of 4166525.
5, 11, 109, 139
List the prime factors of 1254605.
5, 11, 22811
What are the prime factors of 137938?
2, 17, 4057
List the prime factors of 463957.
13, 89, 401
List the prime factors of 2902138.
2, 17, 5021
What are the prime factors of 98377?
98377
What are the prime factors of 1283557?
11, 116687
What are the prime factors of 1809975?
3, 5, 24133
List the prime